203112000332 + -1?
203112000331
In base 15, what is 8a8 + -1ab?
6ec
In base 14, what is 1910d470 - -5?
1910d475
In base 16, what is 10b + 679a?
68a5
In base 13, what is 1068 - 6a6?
692
In base 14, what is 1cc20 + -657?
1c5a7
In base 10, what is -1027 + 9611?
8584
In base 6, what is -2244 + 220542?
214254
In base 6, what is 5150 - -21503?
31053
In base 15, what is -2976d2c6 + -4?
-2976d2ca
In base 10, what is -4 - -1432220?
1432216
In base 13, what is 35a24338 - -4?
35a2433c
In base 13, what is -132 - -166458?
166326
In base 12, what is 30 + -280b54?
-280b24
In base 7, what is -405654 - 15422?
-424406
In base 3, what is -11 + 1202002210120?
1202002210102
In base 2, what is -10000001001 - -11101101111?
1101100110
In base 10, what is 59769313 + -1?
59769312
In base 8, what is 5 - -127225257?
127225264
In base 16, what is 8104 + -f29?
71db
In base 2, what is -10001001011111000 + -111101111110?
-10010001001110110
In base 15, what is 3 - cda348?
-cda345
In base 8, what is -112 - 3776114?
-3776226
In base 5, what is 3 - -13443013420?
13443013423
In base 9, what is 56 + -8474468?
-8474412
In base 5, what is -40244144 - 410?
-40300104
In base 3, what is 102121220201 - -22?
102121221000
In base 16, what is 29b82 + -36?
29b4c
In base 2, what is 10 + 1001110001110100110101?
1001110001110100110111
In base 6, what is -5 - -2351222110?
2351222101
In base 13, what is -34 + -321517?
-32154b
In base 6, what is -2255320 - 13202?
-2312522
In base 3, what is 10210101011 + 11111100?
10221212111
In base 15, what is 14b9ce + 3?
14b9d2
In base 12, what is 7620ab + -37?
762074
In base 4, what is 1212012210 - -11?
1212012221
In base 4, what is 22 + -2231101022?
-2231101000
In base 5, what is -240014110 + 3?
-240014102
In base 3, what is 112201102221200 - 2?
112201102221121
In base 6, what is 1014222 + 254?
1014520
In base 8, what is 34560160 - -2?
34560162
In base 16, what is 1 + -22d625e?
-22d625d
In base 6, what is 21 + 153540225?
153540250
In base 10, what is -86 - 1182393?
-1182479
In base 5, what is -131 + 11204020?
11203334
In base 6, what is 2 + 2443413553?
2443413555
In base 10, what is -2378874 - 10?
-2378884
In base 2, what is 1010101 + 1100100100000100100100?
1100100100000101111001
In base 9, what is -7 + 5265027?
5265020
In base 6, what is -4313543 + 353?
-4313150
In base 11, what is -2 + -19aa5859?
-19aa5860
In base 3, what is 11000 + -10011120112112?
-10011120101112
In base 14, what is -41 - 2d1ac?
-2d20d
In base 15, what is -c3a83a1 + 4?
-c3a839c
In base 7, what is 356 - 2212?
-1523
In base 3, what is 10 - -12022221110221?
12022221111001
In base 9, what is -16348832 + 3?
-16348828
In base 8, what is 732 + 2752602?
2753534
In base 7, what is 264213 + 224?
264440
In base 16, what is -54c081 - 9?
-54c08a
In base 7, what is -2620206 + -266?
-2620505
In base 4, what is -2030001333 - -33111?
-2023302222
In base 13, what is -688a6 - 29a?
-68b73
In base 8, what is -1252600373 - -3?
-1252600370
In base 16, what is -ab9 + -ac6?
-157f
In base 13, what is -4 + b1a351?
b1a34a
In base 4, what is 101000213300 - -11?
101000213311
In base 11, what is 16 - a373?
-a358
In base 3, what is -1110 - -110010222110?
110010221000
In base 10, what is 633565 + 113?
633678
In base 12, what is 1128 + -1129a?
-10172
In base 8, what is -3733 + -17063?
-23016
In base 13, what is -2809 + 374?
-2465
In base 11, what is 40877 - 135?
40742
In base 5, what is 2401 + 130302224?
130310130
In base 11, what is 2 - -4a4244?
4a4246
In base 7, what is -1052 + -534?
-1616
In base 12, what is 1 - a11718?
-a11717
In base 11, what is -342 - 1438a5?
-144137
In base 16, what is 7e672 + 3e0?
7ea52
In base 3, what is 20202012010 - -2010?
20202021020
In base 5, what is -3 + 1113102213?
1113102210
In base 2, what is -111000 - -100101010011111001?
100101010011000001
In base 5, what is 1022012300140 + 3?
1022012300143
In base 7, what is 155 + 223014663?
223015151
In base 10, what is 40 + -4977941?
-4977901
In base 4, what is -10121 + -102300113?
-102310300
In base 5, what is -10 + -204112230032?
-204112230042
In base 4, what is 3130013210 - -10?
3130013220
In base 3, what is -10001120022100 - 102?
-10001120022202
In base 11, what is -119333 + -160?
-119493
In base 14, what is -699 + -4658?
-4d13
In base 9, what is 16200 - 1045?
15144
In base 5, what is 243203 + -42214?
200434
In base 12, what is -4213682 - 6?
-4213688
In base 8, what is 5206323 - 12?
5206311
In base 13, what is -64 + -66cb1?
-67045
In base 2, what is 101110101 - -1001000000001010?
1001000101111111
In base 5, what is -122200 + 210?
-121440
In base 8, what is 3 + 75270556?
75270561
In base 14, what is -3 + -1004a240?
-1004a243
In base 12, what is 2931 - -2903?
5634
In base 16, what is 341a + -46ca?
-12b0
In base 9, what is -5751013 + 111?
-5750802
In base 6, what is 3452 - -34430?
42322
In base 15, what is -296e5ca - -4?
-296e5c6
In base 10, what is -7625 + 2871?
-4754
In base 16, what is -b8 + -9cb?
-a83
In base 16, what is -310f5 + -29?
-3111e
In base 16, what is -68239 + 36?
-68203
In base 16, what is 12d9 + -646?
c93
In base 12, what is 1716 + 57869?
59383
In base 15, what is -44d351 + 5?
-44d34b
In base 5, what is -44013244 + -10131?
-44023430
In base 9, what is 161 + -162522?
-162351
In base 9, what is 1301 + -5272?
-3871
In base 8, what is -4 - 34400314?
-34400320
In base 10, what is 18156 - -3211?
21367
In base 10, what is -23 + 226965?
226942
In base 7, what is -12 + -115066041?
-115066053
In base 5, what is 1141 - -120334403?
120341044
In base 5, what is -1 + 3012020024?
3012020023
In base 3, what is -20 - -10112002201120?
10112002201100
In base 9, what is -127261 - 222?
-127483
In base 9, what is -352250166 - -4?
-352250162
In base 5, what is 1233124 - 1402?
1231222
In base 12, what is -9015 + -61b7?
-13210
In base 4, what is -11122213 - -11003121?
-113032
In base 14, what is 3 - -3a45659?
3a4565c
In base 2, what is 11010000000111110100011 + 1000?
11010000000111110101011
In base 4, what is 32 + -2322102030?
-2322101332
In base 3, what is -120010221202120 + 212?
-120010221201201
In base 9, what is 4502 + -853?
3538
In base 4, what is 123222200 - 1123?
123221011
In base 6, what is 25444 - -312250?
342134
In base 12, what is 10a1 - 50111?
-4b030
In base 13, what is -283 + -9201a?
-922a0
In base 10, what is 527539 - -2?
527541
In base 2, what is 1110011011111 - -1101001001011011?
1110111100111010
In base 11, what is 6 + -180305?
-1802aa
In base 14, what is -1a2c394 + -1?
-1a2c395
In base 8, what is 57001 + -35?
56744
In base 8, what is -1 - -24452427?
24452426
In base 2, what is -1000 - -111000010110101011010?
111000010110101010010
In base 13, what is 1 - -1919c11?
1919c12
In base 10, what is 74228 - 30?
74198
In base 9, what is -11145214 + -48?
-11145263
In base 3, what is -2211100010 + 2010211?
-2202012022
In base 9, what is 4514 + -23761?
-18246
In base 3, what is -122 - 210000012021?
-210000012220
In base 13, what is 68 + 67514?
6757c
In base 5, what is -13 - -1032221020?
1032221002
In base 3, what is 2 + 102111212011020?
102111212011022
In base 5, what is -103 - -212422011?
212421403
In base 16, what is -b020 - -3de6?
-723a
In base 16, what is -ef328 + 52?
-ef2d6
In base 14, what is 8 - 326?
-31c
In base 6, what is 3 - -253210313?
253210320
In base 9, what is -6 - -45216142?
45216135
In base 2, what is -110011 - -11100100101010000?
11100100100011101
In base 6, what is -412505 - 3?
-412512
In base 7, what is 0 - -40336314?
40336314
In base 9, what is -330227 + 2036?
-327181
In base 14, what is -4 + 1c909c4a?
1c909c46
In base 7, what is -4250601 + -464?
-4251365
In base 4, what is 201321101303221 + 11?
201321101303232
In base 2, what is -10111100000001 - -1101001011000000?
1010001110111111
In base 10, what is -7 - 2144105?
-2144112
In base 5, what is 241 + 10234420?
10240211
In base 3, what is -12002220 + -10002?
-12012222
In base 10, what is 36 - 690441?
-690405
In base 3, what is -20201110120 - -2012210?
-20122020210
In base 5, what is 224 - -4022244100?
4022244324
In base 12, what is 1 + -62785a5?
-62785a4
In base 3, what is -21122 + -20120102?
-20212001
In base 10, what is 10 - 82561?
-82551
In base 16, what is 143b - 309e?
-1c63
In base 11, what is -2418 - -a19?
-14aa
In base 11, what is 3 + -67aa2191?
-67aa2189
In base 12, wh